[INFO] cloning repository https://github.com/sepiropht/torrent-rs
[INFO] running `Command { std: "git" "-c" "credential.helper=" "-c" "credential.helper=/workspace/cargo-home/bin/git-credential-null" "clone" "--bare" "https://github.com/sepiropht/torrent-rs" "/workspace/cache/git-repos/https%3A%2F%2Fgithub.com%2Fsepiropht%2Ftorrent-rs", kill_on_drop: false }`
[INFO] [stderr] Cloning into bare repository '/workspace/cache/git-repos/https%3A%2F%2Fgithub.com%2Fsepiropht%2Ftorrent-rs'...
[INFO] running `Command { std: "git" "rev-parse" "HEAD", kill_on_drop: false }`
[INFO] [stdout] 91b3da1125d17115f30683d32130ad150f6862d5
[INFO] checking sepiropht/torrent-rs against master#cfbc6d4cf1acbac5c025acf8ed68929caa551df3 for pr-75494-beta
[INFO] running `Command { std: "git" "clone" "/workspace/cache/git-repos/https%3A%2F%2Fgithub.com%2Fsepiropht%2Ftorrent-rs" "/workspace/builds/worker-5/source", kill_on_drop: false }`
[INFO] [stderr] Cloning into '/workspace/builds/worker-5/source'...
[INFO] [stderr] done.
[INFO] validating manifest of git repo https://github.com/sepiropht/torrent-rs on toolchain cfbc6d4cf1acbac5c025acf8ed68929caa551df3
[INFO] running `Command { std: "/workspace/cargo-home/bin/cargo" "+cfbc6d4cf1acbac5c025acf8ed68929caa551df3" "read-manifest" "--manifest-path" "Cargo.toml", kill_on_drop: false }`
[INFO] started tweaking git repo https://github.com/sepiropht/torrent-rs
[INFO] finished tweaking git repo https://github.com/sepiropht/torrent-rs
[INFO] tweaked toml for git repo https://github.com/sepiropht/torrent-rs written to /workspace/builds/worker-5/source/Cargo.toml
[INFO] crate git repo https://github.com/sepiropht/torrent-rs already has a lockfile, it will not be regenerated
[INFO] running `Command { std: "/workspace/cargo-home/bin/cargo" "+cfbc6d4cf1acbac5c025acf8ed68929caa551df3" "fetch" "--locked" "--manifest-path" "Cargo.toml", kill_on_drop: false }`
[INFO] [stderr]     Updating git repository `https://github.com/servo/rust-url`
[INFO] [stderr]  Downloading crates ...
[INFO] [stderr]   Downloaded mime v0.0.11
[INFO] [stderr]   Downloaded unicase v0.1.0
[INFO] [stderr]   Downloaded httparse v0.1.6
[INFO] [stderr]   Downloaded hyper v0.5.2
[INFO] [stderr]   Downloaded simple_bencode v0.1.4
[INFO] running `Command { std: "docker" "create" "-v" "/var/lib/crater-agent-workspace/builds/worker-5/target:/opt/rustwide/target:rw,Z" "-v" "/var/lib/crater-agent-workspace/builds/worker-5/source:/opt/rustwide/workdir:ro,Z" "-v" "/var/lib/crater-agent-workspace/cargo-home:/opt/rustwide/cargo-home:ro,Z" "-v" "/var/lib/crater-agent-workspace/rustup-home:/opt/rustwide/rustup-home:ro,Z" "-e" "SOURCE_DIR=/opt/rustwide/workdir" "-e" "CARGO_TARGET_DIR=/opt/rustwide/target" "-e" "CARGO_HOME=/opt/rustwide/cargo-home" "-e" "RUSTUP_HOME=/opt/rustwide/rustup-home" "-w" "/opt/rustwide/workdir" "-m" "1610612736" "--user" "0:0" "--network" "none" "rustops/crates-build-env@sha256:a636fd89d022f18117e1dc8fb37a0a009933cdbbe082814857f0e2024962d47c" "/opt/rustwide/cargo-home/bin/cargo" "+cfbc6d4cf1acbac5c025acf8ed68929caa551df3" "metadata" "--no-deps" "--format-version=1", kill_on_drop: false }`
[INFO] [stderr] WARNING: Your kernel does not support swap limit capabilities or the cgroup is not mounted. Memory limited without swap.
[INFO] [stdout] 7ef5889d94637a5df48c82a330bca1f10645b0e76109699856789f81d2ce049a
[INFO] running `Command { std: "docker" "start" "-a" "7ef5889d94637a5df48c82a330bca1f10645b0e76109699856789f81d2ce049a", kill_on_drop: false }`
[INFO] running `Command { std: "docker" "inspect" "7ef5889d94637a5df48c82a330bca1f10645b0e76109699856789f81d2ce049a", kill_on_drop: false }`
[INFO] running `Command { std: "docker" "rm" "-f" "7ef5889d94637a5df48c82a330bca1f10645b0e76109699856789f81d2ce049a", kill_on_drop: false }`
[INFO] [stdout] 7ef5889d94637a5df48c82a330bca1f10645b0e76109699856789f81d2ce049a
[INFO] running `Command { std: "docker" "create" "-v" "/var/lib/crater-agent-workspace/builds/worker-5/target:/opt/rustwide/target:rw,Z" "-v" "/var/lib/crater-agent-workspace/builds/worker-5/source:/opt/rustwide/workdir:ro,Z" "-v" "/var/lib/crater-agent-workspace/cargo-home:/opt/rustwide/cargo-home:ro,Z" "-v" "/var/lib/crater-agent-workspace/rustup-home:/opt/rustwide/rustup-home:ro,Z" "-e" "SOURCE_DIR=/opt/rustwide/workdir" "-e" "CARGO_TARGET_DIR=/opt/rustwide/target" "-e" "CARGO_INCREMENTAL=0" "-e" "RUST_BACKTRACE=full" "-e" "RUSTFLAGS=--cap-lints=forbid" "-e" "CARGO_HOME=/opt/rustwide/cargo-home" "-e" "RUSTUP_HOME=/opt/rustwide/rustup-home" "-w" "/opt/rustwide/workdir" "-m" "1610612736" "--user" "0:0" "--network" "none" "rustops/crates-build-env@sha256:a636fd89d022f18117e1dc8fb37a0a009933cdbbe082814857f0e2024962d47c" "/opt/rustwide/cargo-home/bin/cargo" "+cfbc6d4cf1acbac5c025acf8ed68929caa551df3" "check" "--frozen" "--all" "--all-targets" "--message-format=json", kill_on_drop: false }`
[INFO] [stdout] 727582c4b8cff6e4d1a242fde1b1419b8bdba1989d68ab47c7d0687d27262fc1
[INFO] [stderr] WARNING: Your kernel does not support swap limit capabilities or the cgroup is not mounted. Memory limited without swap.
[INFO] running `Command { std: "docker" "start" "-a" "727582c4b8cff6e4d1a242fde1b1419b8bdba1989d68ab47c7d0687d27262fc1", kill_on_drop: false }`
[INFO] [stderr]    Compiling libc v0.2.48
[INFO] [stderr]     Checking matches v0.1.8
[INFO] [stderr]     Checking libc v0.1.12
[INFO] [stderr]     Checking cfg-if v0.1.6
[INFO] [stderr]     Checking smallvec v0.6.9
[INFO] [stderr]     Checking lazy_static v0.1.16
[INFO] [stderr]     Checking bitflags v0.3.3
[INFO] [stderr]     Checking percent-encoding v1.0.2 (https://github.com/servo/rust-url#a1d8c884)
[INFO] [stderr]     Checking httparse v0.1.6
[INFO] [stderr]     Checking unicase v0.1.0
[INFO] [stderr]     Checking simple_bencode v0.1.4
[INFO] [stderr]    Compiling openssl-sys v0.6.7
[INFO] [stderr]     Checking log v0.4.6
[INFO] [stderr]     Checking unicode-bidi v0.3.4
[INFO] [stderr]     Checking unicode-normalization v0.1.8
[INFO] [stderr]     Checking log v0.3.9
[INFO] [stderr]     Checking mime v0.0.11
[INFO] [stderr] The following warnings were emitted during compilation:
[INFO] [stderr] 
[INFO] [stderr] warning: src/openssl_shim.c: In function 'SSL_CTX_set_ecdh_auto_shim':
[INFO] [stderr] warning: src/openssl_shim.c:115:41: warning: unused parameter 'ctx' [-Wunused-parameter]
[INFO] [stderr] warning:   115 | int SSL_CTX_set_ecdh_auto_shim(SSL_CTX *ctx, int onoff) {
[INFO] [stderr] warning:       |                                ~~~~~~~~~^~~
[INFO] [stderr] warning: src/openssl_shim.c: In function 'DH_new_from_params':
[INFO] [stderr] warning: src/openssl_shim.c:126:7: error: dereferencing pointer to incomplete type 'DH' {aka 'struct dh_st'}
[INFO] [stderr] warning:   126 |     dh->p = p;
[INFO] [stderr] warning:       |       ^~
[INFO] [stderr] warning: src/openssl_shim.c: In function 'X509_get_extensions_shim':
[INFO] [stderr] warning: src/openssl_shim.c:137:13: error: dereferencing pointer to incomplete type 'X509' {aka 'struct x509_st'}
[INFO] [stderr] warning:   137 |     return x->cert_info ? x->cert_info->extensions : NULL;
[INFO] [stderr] warning:       |             ^~
[INFO] [stderr] warning: src/openssl_shim.c:138:1: warning: control reaches end of non-void function [-Wreturn-type]
[INFO] [stderr] warning:   138 | }
[INFO] [stderr] warning:       | ^
[INFO] [stderr] 
[INFO] [stderr] error: failed to run custom build command for `openssl-sys v0.6.7`
[INFO] [stderr] 
[INFO] [stderr] Caused by:
[INFO] [stderr]   process didn't exit successfully: `/opt/rustwide/target/debug/build/openssl-sys-550f0de190328925/build-script-build` (exit code: 101)
[INFO] [stderr]   --- stdout
[INFO] [stderr]   cargo:rustc-link-search=native=/usr/lib/x86_64-linux-gnu
[INFO] [stderr]   cargo:rustc-link-lib=ssl
[INFO] [stderr]   cargo:rustc-link-lib=crypto
[INFO] [stderr]   TARGET = Some("x86_64-unknown-linux-gnu")
[INFO] [stderr]   OPT_LEVEL = Some("0")
[INFO] [stderr]   TARGET = Some("x86_64-unknown-linux-gnu")
[INFO] [stderr]   HOST = Some("x86_64-unknown-linux-gnu")
[INFO] [stderr]   TARGET = Some("x86_64-unknown-linux-gnu")
[INFO] [stderr]   TARGET = Some("x86_64-unknown-linux-gnu")
[INFO] [stderr]   HOST = Some("x86_64-unknown-linux-gnu")
[INFO] [stderr]   CC_x86_64-unknown-linux-gnu = None
[INFO] [stderr]   CC_x86_64_unknown_linux_gnu = None
[INFO] [stderr]   HOST_CC = None
[INFO] [stderr]   CC = None
[INFO] [stderr]   HOST = Some("x86_64-unknown-linux-gnu")
[INFO] [stderr]   TARGET = Some("x86_64-unknown-linux-gnu")
[INFO] [stderr]   HOST = Some("x86_64-unknown-linux-gnu")
[INFO] [stderr]   CFLAGS_x86_64-unknown-linux-gnu = None
[INFO] [stderr]   CFLAGS_x86_64_unknown_linux_gnu = None
[INFO] [stderr]   HOST_CFLAGS = None
[INFO] [stderr]   CFLAGS = None
[INFO] [stderr]   DEBUG = Some("true")
[INFO] [stderr]   running: "cc" "-O0" "-ffunction-sections" "-fdata-sections" "-fPIC" "-g" "-m64" "-Wall" "-Wextra" "-o" "/opt/rustwide/target/debug/build/openssl-sys-470218d896d01a96/out/src/openssl_shim.o" "-c" "src/openssl_shim.c"
[INFO] [stderr]   cargo:warning=src/openssl_shim.c: In function 'SSL_CTX_set_ecdh_auto_shim':
[INFO] [stderr]   cargo:warning=src/openssl_shim.c:115:41: warning: unused parameter 'ctx' [-Wunused-parameter]
[INFO] [stderr]   cargo:warning=  115 | int SSL_CTX_set_ecdh_auto_shim(SSL_CTX *ctx, int onoff) {
[INFO] [stderr]   cargo:warning=      |                                ~~~~~~~~~^~~
[INFO] [stderr]   cargo:warning=src/openssl_shim.c: In function 'DH_new_from_params':
[INFO] [stderr]   cargo:warning=src/openssl_shim.c:126:7: error: dereferencing pointer to incomplete type 'DH' {aka 'struct dh_st'}
[INFO] [stderr]   cargo:warning=  126 |     dh->p = p;
[INFO] [stderr]   cargo:warning=      |       ^~
[INFO] [stderr]   cargo:warning=src/openssl_shim.c: In function 'X509_get_extensions_shim':
[INFO] [stderr]   cargo:warning=src/openssl_shim.c:137:13: error: dereferencing pointer to incomplete type 'X509' {aka 'struct x509_st'}
[INFO] [stderr]   cargo:warning=  137 |     return x->cert_info ? x->cert_info->extensions : NULL;
[INFO] [stderr]   cargo:warning=      |             ^~
[INFO] [stderr]   cargo:warning=src/openssl_shim.c:138:1: warning: control reaches end of non-void function [-Wreturn-type]
[INFO] [stderr]   cargo:warning=  138 | }
[INFO] [stderr]   cargo:warning=      | ^
[INFO] [stderr]   exit code: 1
[INFO] [stderr] 
[INFO] [stderr]   --- stderr
[INFO] [stderr]   thread 'main' panicked at '
[INFO] [stderr] 
[INFO] [stderr]   Internal error occurred: Command "cc" "-O0" "-ffunction-sections" "-fdata-sections" "-fPIC" "-g" "-m64" "-Wall" "-Wextra" "-o" "/opt/rustwide/target/debug/build/openssl-sys-470218d896d01a96/out/src/openssl_shim.o" "-c" "src/openssl_shim.c" with args "cc" did not execute successfully (status code exit code: 1).
[INFO] [stderr] 
[INFO] [stderr]   ', /opt/rustwide/cargo-home/registry/src/github.com-1ecc6299db9ec823/gcc-0.3.55/src/lib.rs:1672:5
[INFO] [stderr]   stack backtrace:
[INFO] [stderr]      0:     0x55a435d96b25 - backtrace::backtrace::libunwind::trace::h5e2646fa3eddf2ea
[INFO] [stderr]                                  at /cargo/registry/src/github.com-1ecc6299db9ec823/backtrace-0.3.46/src/backtrace/libunwind.rs:86
[INFO] [stderr]      1:     0x55a435d96b25 - backtrace::backtrace::trace_unsynchronized::hb95dd7f77ce47877
[INFO] [stderr]                                  at /cargo/registry/src/github.com-1ecc6299db9ec823/backtrace-0.3.46/src/backtrace/mod.rs:66
[INFO] [stderr]      2:     0x55a435d96b25 - std::sys_common::backtrace::_print_fmt::h5e71b67af43fd70d
[INFO] [stderr]                                  at src/libstd/sys_common/backtrace.rs:78
[INFO] [stderr]      3:     0x55a435d96b25 - <std::sys_common::backtrace::_print::DisplayBacktrace as core::fmt::Display>::fmt::hdb4a83d2b61107e5
[INFO] [stderr]                                  at src/libstd/sys_common/backtrace.rs:59
[INFO] [stderr]      4:     0x55a435dbb72c - core::fmt::write::ha20e7262fa3e8a7a
[INFO] [stderr]                                  at src/libcore/fmt/mod.rs:1076
[INFO] [stderr]      5:     0x55a435d92d72 - std::io::Write::write_fmt::h1aebfe8a5a79e36d
[INFO] [stderr]                                  at src/libstd/io/mod.rs:1537
[INFO] [stderr]      6:     0x55a435d992b0 - std::sys_common::backtrace::_print::h9c07314cc66ba539
[INFO] [stderr]                                  at src/libstd/sys_common/backtrace.rs:62
[INFO] [stderr]      7:     0x55a435d992b0 - std::sys_common::backtrace::print::hd1fd65f49a2d8544
[INFO] [stderr]                                  at src/libstd/sys_common/backtrace.rs:49
[INFO] [stderr]      8:     0x55a435d992b0 - std::panicking::default_hook::{{closure}}::h222da46485ab36fc
[INFO] [stderr]                                  at src/libstd/panicking.rs:198
[INFO] [stderr]      9:     0x55a435d98ffc - std::panicking::default_hook::hc5868949d129ed00
[INFO] [stderr]                                  at src/libstd/panicking.rs:217
[INFO] [stderr]     10:     0x55a435d998f3 - std::panicking::rust_panic_with_hook::h26a6ab8b0993c0c8
[INFO] [stderr]                                  at src/libstd/panicking.rs:526
[INFO] [stderr]     11:     0x55a435d994eb - rust_begin_unwind
[INFO] [stderr]                                  at src/libstd/panicking.rs:437
[INFO] [stderr]     12:     0x55a435d9945b - std::panicking::begin_panic_fmt::h2ff295231415d4a6
[INFO] [stderr]                                  at src/libstd/panicking.rs:391
[INFO] [stderr]     13:     0x55a435d35467 - gcc::fail::h848aef746e246696
[INFO] [stderr]                                  at /opt/rustwide/cargo-home/registry/src/github.com-1ecc6299db9ec823/gcc-0.3.55/src/lib.rs:1672
[INFO] [stderr]     14:     0x55a435d2717e - gcc::Build::compile::h0416fbdbcd69d343
[INFO] [stderr]                                  at /opt/rustwide/cargo-home/registry/src/github.com-1ecc6299db9ec823/gcc-0.3.55/src/lib.rs:785
[INFO] [stderr]     15:     0x55a435d1f884 - build_script_build::build_openssl_shim::h6f22da264ff0279b
[INFO] [stderr]                                  at /opt/rustwide/cargo-home/registry/src/github.com-1ecc6299db9ec823/openssl-sys-0.6.7/build.rs:135
[INFO] [stderr]     16:     0x55a435d1d5bb - build_script_build::main::h2685da57bd53d0ef
[INFO] [stderr]                                  at /opt/rustwide/cargo-home/registry/src/github.com-1ecc6299db9ec823/openssl-sys-0.6.7/build.rs:23
[INFO] [stderr]     17:     0x55a435d2137b - std::rt::lang_start::{{closure}}::h7e574781f77efe4e
[INFO] [stderr]                                  at /rustc/cfbc6d4cf1acbac5c025acf8ed68929caa551df3/src/libstd/rt.rs:67
[INFO] [stderr]     18:     0x55a435d99cc3 - std::rt::lang_start_internal::{{closure}}::h84a998219831fa70
[INFO] [stderr]                                  at src/libstd/rt.rs:52
[INFO] [stderr]     19:     0x55a435d99cc3 - std::panicking::try::do_call::he8e1d689a3e26def
[INFO] [stderr]                                  at src/libstd/panicking.rs:348
[INFO] [stderr]     20:     0x55a435d99cc3 - std::panicking::try::h264b6eebc2fa7bbf
[INFO] [stderr]                                  at src/libstd/panicking.rs:325
[INFO] [stderr]     21:     0x55a435d99cc3 - std::panic::catch_unwind::hbf28fafa723b2128
[INFO] [stderr]                                  at src/libstd/panic.rs:394
[INFO] [stderr]     22:     0x55a435d99cc3 - std::rt::lang_start_internal::he959aa59bc3ec202
[INFO] [stderr]                                  at src/libstd/rt.rs:51
[INFO] [stderr]     23:     0x55a435d21357 - std::rt::lang_start::h2eceafc17dd09d05
[INFO] [stderr]                                  at /rustc/cfbc6d4cf1acbac5c025acf8ed68929caa551df3/src/libstd/rt.rs:67
[INFO] [stderr]     24:     0x55a435d1fd0a - main
[INFO] [stderr]     25:     0x7f275f7610b3 - __libc_start_main
[INFO] [stderr]     26:     0x55a435d1d19e - _start
[INFO] [stderr]     27:                0x0 - <unknown>
[INFO] [stderr] warning: build failed, waiting for other jobs to finish...
[INFO] [stderr] error: build failed
[INFO] running `Command { std: "docker" "inspect" "727582c4b8cff6e4d1a242fde1b1419b8bdba1989d68ab47c7d0687d27262fc1", kill_on_drop: false }`
[INFO] running `Command { std: "docker" "rm" "-f" "727582c4b8cff6e4d1a242fde1b1419b8bdba1989d68ab47c7d0687d27262fc1", kill_on_drop: false }`
[INFO] [stdout] 727582c4b8cff6e4d1a242fde1b1419b8bdba1989d68ab47c7d0687d27262fc1
